(w). Let q be (-3 + (-3 - -5) + 2)*0. Calculate p(q).
-7
Suppose 0*w - 4*w = 28. Let y = 5 + -7. Let q = y - w. Let r(s) = s**3 - 4*s**2 - 7*s + 4. What is r(q)?
-6
Let u(x) be the third derivative of x**4/24 - 5*x**3/6 + 19*x**2. What is u(8)?
3
Let x(n) = -n**3 - 5*n**2 - 3*n - 5. Suppose -2*m - 8 = -b + 1, -5*m - 19 = b. What is x(m)?
-9
Let y be 6/(-4)*(-100)/15. Let s be ((-20)/y)/((-2)/(-4)). Let i(k) = -k**2 - 3*k - 3. Give i(s).
-7
Let x(u) = -11 + 24 - 8 - 7 + 6*u. What is x(2)?
10
Suppose 2*f = 4*t + 14, -2*f - 2*f + 52 = 4*t. Let u(j) = 2*j. Let d = -2 - 0. Let c(p) = 12*p - 1. Let y(x) = d*c(x) + f*u(x). Calculate y(2).
-2
Let r(p) = 2*p - 2. Suppose -b - b - 12 = 3*f, -14 = f + 4*b. Calculate r(f).
-6
Let w(g) = -g**2 + 9*g + 4. Let p = -8 - -12. Let l(f) = 7 - 3*f**2 + 4 + p*f + 22*f. Let v(h) = -4*l(h) + 11*w(h). Give v(5).
0
Suppose -3*q - 39 = -5*d, -3*d + 0*d + 24 = -2*q. Let s(k) = -k**3 + 6*k**2 - k + 6. Give s(d).
0
Let p(r) = -r + 7. Let u be (-1 + (2 - -3))*5. Suppose -2*x - 3*x - 15 = 0. Let d be 2/x + u/3. What is p(d)?
1
Let q(j) = -3*j - 1. Suppose v = -20 + 19. What is q(v)?
2
Suppose -2*m + 0*m = -2*s + 8, 4*m = -s - 6. Let x(a) = -3 - 4*a + 3*a - 2*a. Determine x(m).
3
Let c(k) be the first derivative of -k**3/3 - 7. Determine c(1).
-1
Let y = 21 + -18. Suppose 0 = 3*t - y. Let x(v) = 3*v**2 + 2*v - 1. Calculate x(t).
4
Let f(m) = -m**2 + 6*m - 1. Suppose 53*p - 49*p = 20. What is f(p)?
4
Let z(j) = j**2 - 11*j + 4. Let r be z(11). Let s(t) = 2*t - 6. What is s(r)?
2
Let j(c) = 7*c**2 + 7*c + 4. Suppose -4*h + 15 = -5*f, -2*f - 3 = 3*h - 20. Let a(m) = -m**2 - 1. Let x(k) = f*j(k) + 6*a(k). What is x(-6)?
-8
Let j(m) be the first derivative of 0*m + 0*m**3 + 1/24*m**4 + 1/60*m**5 - 1 + m**2. Let a(g) be the second derivative of j(g). Determine a(2).
6
Let q(k) = -k**3 + 9*k**2 - 9*k + 12. Suppose 0 = 2*l - 13 - 3. Let p be q(l). Let h(c) = -8*c**3 - p*c**2 - 2*c + 3 - 1 + 7*c**3. Determine h(-2).
-2
Let u(q) = q**2 + 6*q + 1. Let j(p) = p**3 + 9*p**2 + 8*p - 7. Let b be j(-8). Let k = -5 - b. Suppose 4*w + 18 = k. Calculate u(w).
-7
Let l(n) = 14*n**3. Let h = 11 - 11. Suppose 7*u - 3*u - 4 = h, 2*f - 2*u = 0. What is l(f)?
14
Let t(w) = w**3 - 7*w**2 + 4*w - 3. Let k(z) = -2*z**3 + 15*z**2 - 9*z + 7. Let c(d) = 6*k(d) + 13*t(d). Let v be ((-6)/(-4))/(21/28). Calculate c(v).
3
Let q(w) = -w + 5. Let p be q(0). Let y(h) = p - 3*h + h + 0*h - h**3 - 6*h**2. Let f be 0 + (-3 - -5 - 9) + 2. Determine y(f).
-10
Let k be (4/10)/((-4)/(-20)). Let v be ((-16)/(-20))/(k/5). Let n(p) = -4*p**2 + 4*p - 3. Determine n(v).
-11
Suppose 7 = 5*j - 8. Let i(w) = j*w**3 - w**3 + 2*w - 3*w**3 + 5 - 6*w + 5*w**2. What is i(4)?
5
Let k(y) = 50*y**3 + y**2 - 54*y**3 + 0*y**2 + 4*y - 5*y. Give k(1).
-4
Let l(s) be the second derivative of s**5/20 + s**3/6 - s. What is l(0)?
0
Let i = 24 + 1. Let b be 15/i + 2/5. Let h(t) = 1 - 6*t + t - 5*t. Give h(b).
-9
Let h(n) = -4*n**3 + n. Let f be h(-1). Suppose 3 = 2*c - f. Let m(q) = -q**3 + q**2 + 5*q - 2. Determine m(c).
-5
Suppose 6 = 3*v - 0*v. Let z(u) = u**3 + 3 - v*u + 3*u**2 + 3*u + u. Calculate z(-2).
3
Suppose -3 = -4*r + 5. Suppose 3*d + 5*x + 12 = d, -4*d + 28 = -3*x. Let p(k) = k**2 - k - d*k - 7 + r*k. Give p(5).
3
Let l(c) = c**2 + c. Let q be (-6 + 7)/((-2)/4 - 0). What is l(q)?
2
Suppose 42 = -2*o - 5*j, 2*o + 3*o + 3*j + 67 = 0. Let f(q) = -q**2 + 2*q. Let m be f(4). Let x = m - o. Let r(a) = a**3 - 4*a**2 + 4*a - 3. What is r(x)?
0
Let y(z) = z**3 - 6*z**2 + 3. Let j be y(6). Let a be 0 + (-1)/(j/(-3)). Let w(f) = -7 - a - 1 - f. Determine w(-4).
-5
Let m(c) be the first derivative of 7*c**2/2 - 4*c - 18. Calculate m(4).
24
Suppose 2*s = -2*s. Let b(k) be the first derivative of -k**4/4 + k**3/3 + 5*k - 10. Calculate b(s).
5
Let j(d) = 5*d**2 + d + 2. Let p(l) = 6*l**2 + 2. Let o(n) = -5*j(n) + 4*p(n). Let k = 5 - -1. Let s be (k - 7)*(6 - 1). Calculate o(s).
-2
Let r(o) = -o - 12. Let l(b) = b + 10. Let m(k) = -3*l(k) - 2*r(k). Give m(5).
-11
Let d(t) = -t**2 - 4*t + 4. Let y = 9 - 13. Give d(y).
4
Let b(j) = j + 1 + 0 + 2*j - 3. Suppose -3*h - 2*d = 11, 4*d + 13 = 5*h + 2. Let y = 2 - h. Determine b(y).
7
Let n(l) be the second derivative of -l**5/20 + l**4/6 + l**3/3 + 3*l**2/2 - l. Let c be n(3). Let i(y) = y**2 - y + 4. Determine i(c).
4
Let d(o) be the third derivative of o**6/180 + o**5/24 + o**4/12 + 2*o**3/3 + 2*o**2. Let w(l) be the first derivative of d(l). Let k = 6 - 9. Give w(k).
5
Let n(o) = -15*o**2 - 12*o - 11. Let w(b) = 7*b**2 + 6*b + 5. Let t(h) = 6*n(h) + 13*w(h). What is t(-7)?
6
Let k(n) be the second derivative of 0 - 2*n + 1/2*n**2 + 1/3*n**3. Calculate k(3).
7
Let i(k) = k**2 - 4*k + 6. Let m(r) = 19*r + 1. Let v be m(1). Let z = 25 - v. Calculate i(z).
11
Suppose -5*o + 15 = 0, -2*o = -m + 3*m + 8. Let l = -5 - m. Let z(r) = 3*r + 6*r + r**l - 3*r - 2*r**2. Determine z(4).
8
Let v(j) = -j**2 + 9*j - 11. Let d be v(7). Let w(s) = -2*s**2 + 3. What is w(d)?
-15
Let f(d) be the third derivative of d**5/60 + 3*d**4/8 - d**3/3 - 13*d**2. What is f(-9)?
-2
Let q(y) be the third derivative of 2*y**2 - 1/120*y**6 + 0*y**4 + 0 + 0*y + 0*y**3 + 1/60*y**5. Give q(1).
0
Let l(q) = -2*q + 8. Let z be l(6). Let d(o) = 7*o**2 + 3*o + 2. Let p(r) = -6*r**2 - 3*r - 2. Let h(t) = -5*d(t) - 6*p(t). Give h(z).
6
Let a(x) = -x - 6. Let p be a(-3). Let f be 2/(p - (-15)/6). Let s(v) = -v**2 - v + 3. Give s(f).
-9
Suppose 5*y - 2*v - 23 = 2*v, -y = -5*v - 13. Let l(z) = 4*z - z**y + 0*z + 0*z + 3. Suppose 3*n - n = -4. Calculate l(n).
3
Let b be (18/15)/((-4)/(-10)). Let h(a) = a + 8 + 0*a - b. Determine h(0).
5
Suppose -11*z + 16*z + 30 = 0. Let q(l) be the third derivative of -l**6/120 - l**5/10 + l**4/12 + 4*l**3/3 + l**2. What is q(z)?
-4
Let r = -1 - 0. Let m(v) be the third derivative of 3*v**6/40 + v**5/60 - v**3/6 - 2*v**2. Give m(r).
-9
Let r(h) = 1. Let t(j) = -j**3 + 5*j**2 - 3*j - 4. Let v(d) = -r(d) - t(d). Let k be 15/4*(-8)/3. Let y be (8/k)/(2/(-10)). What is v(y)?
-1
Let z(c) be the first derivative of -12*c - 3 - 3/2*c**2. Let j(o) = 1. Let n(i) = 9*j(i) + z(i). Give n(-2).
3
Suppose 11*b = 7*b - 16. Let k(u) = -u - 9. Give k(b).
-5
Let x = -2 - -8. Let l(q) = -x*q + 3*q - 2*q + 0*q. What is l(-1)?
5
Suppose 4*g - 5*b - 10 = -4*b, -5*g = -5*b - 5. Let j = g - -1. Let t(a) = a + 4. Determine t(j).
8
Let b(n) = n + 2. Let i be b(0). Let a(l) = 0 - 1083*l - 3*l**2 + 1 + 1083*l. What is a(i)?
-11
Let d(k) be the second derivative of 1/360*k**6 + 0*k**2 - 1/30*k**5 - 2*k - 1/24*k**4 + 0 - 1/3*k**3. Let s(x) be the second derivative of d(x). What is s(5)?
4
Let j be (0 - -1)*5/(-1). Let y(q) be the first derivative of 4 - 1/3*q**3 - 7*q - 3*q**2. Calculate y(j).
-2
Let b(d) be the second derivative of -d**3/6 + 7*d + 1. Determine b(6).
-6
Let a(w) = -w**2 + 3 + 2*w - 2 - 6*w. Let m(f) = f**3 - 2*f**2 - 4*f + 4. Let b be m(2). Calculate a(b).
1
Let h = -19 - -13. Let a(t) be the third derivative of t**6/120 + 7*t**5/60 + 7*t**4/24 + 5*t**3/6 + 8*t**2. What is a(h)?
-1
Suppose r - 2 - 2 = 0. Suppose -4 - 2 = -2*i. Let x(u) = 0*u**2 - u**3 + 4 + 3*u + i*u**2 - 2. Determine x(r).
-2
Let k(p) = 2*p + 2. Let h(m) = -m**3 - 7*m**2 + 4. Let f be h(-7). Suppose -o + 11 = f*j - j, -21 = 4*o - j. What is k(o)?
-6
Let v(z) = z - 16. Let s = 73 - 62. Calculate v(s).
-5
Let q(x) = 6*x**2 + 8*x + 3. Let v(w) = w - 4*w**2 + 3*w**2 + 2*w**2. Let j(r) = -q(r) + 5*v(r). Give j(-3).
-3
Suppose 0 = -4*c - 16, 0 = 3*k + 5*c - 3*c - 1. Let x be 51/2 - 3/6. Let v(s) = 0*s - x + 18 + s. Determine v(k).
-4
Let s(k) = k**2 - 5*k + 1. Let z(c) = c**2 - c - 1. Let i(t) = s(t) - 2*z(t). Suppose 4*j + 3 = 11. Suppose 2*p - x + 8 = 0, -17 = 2*p + j*x - 3. Give i(p).
-7
Let z = -11 + 8. Let q be 0/(z + 2 - 1). Let h(u) = u**2 + u - 1. Give h(q).
-1
Let u(k) = -3*k**3 + 5*k**2 - 2*k - 1. Let c(p) = 2*p**3 - 5*p**2 + 3*p + 1. Let t(d) = -4*c(d) - 3*u(d). Suppose 127*w = 124*w - 18. Give t(w).
-1
Let l(g) = g**2 + g. Suppose 4*d = -59 - 5. Let p = d - -14. Calculate l(p).
2
Suppose -n - d + 6 = 3*n, 2*n + 5*d + 6 = 0. Suppose -n*g + 6*g - 4 = 0. Suppose 5*v - g - 19 = 0. Let s(z) = 2*z - 2. Give s(v).
6
Let n(z) be the second derivative of z**5/20 - 5*z**4/12 + z**3/6 + z**2 + 10*z. Let b b